{"id":667,"date":"2024-10-20T17:54:55","date_gmt":"2024-10-20T17:54:55","guid":{"rendered":"http:\/\/www.mavricno-drustvo.si\/?page_id=667"},"modified":"2024-12-05T18:03:36","modified_gmt":"2024-12-05T18:03:36","slug":"reiki","status":"publish","type":"page","link":"https:\/\/www.mavricno-drustvo.si\/index.php\/reiki\/","title":{"rendered":"Reiki"},"content":{"rendered":"\n<figure class=\"wp-block-image size-full is-resized\"><img loading=\"lazy\" decoding=\"async\" width=\"1024\" height=\"1024\" src=\"http:\/\/www.mavricno-drustvo.si\/wp-content\/uploads\/2024\/12\/reiki-healing.jpg\" alt=\"\" class=\"wp-image-788\" style=\"width:567px;height:auto\" srcset=\"https:\/\/www.mavricno-drustvo.si\/wp-content\/uploads\/2024\/12\/reiki-healing.jpg 1024w, https:\/\/www.mavricno-drustvo.si\/wp-content\/uploads\/2024\/12\/reiki-healing-300x300.jpg 300w, https:\/\/www.mavricno-drustvo.si\/wp-content\/uploads\/2024\/12\/reiki-healing-150x150.jpg 150w, https:\/\/www.mavricno-drustvo.si\/wp-content\/uploads\/2024\/12\/reiki-healing-768x768.jpg 768w, https:\/\/www.mavricno-drustvo.si\/wp-content\/uploads\/2024\/12\/reiki-healing-270x270.jpg 270w, https:\/\/www.mavricno-drustvo.si\/wp-content\/uploads\/2024\/12\/reiki-healing-230x230.jpg 230w, https:\/\/www.mavricno-drustvo.si\/wp-content\/uploads\/2024\/12\/reiki-healing-45x45.jpg 45w, https:\/\/www.mavricno-drustvo.si\/wp-content\/uploads\/2024\/12\/reiki-healing-600x600.jpg 600w, https:\/\/www.mavricno-drustvo.si\/wp-content\/uploads\/2024\/12\/reiki-healing-100x100.jpg 100w\" sizes=\"auto, (max-width: 1024px) 100vw, 1024px\" \/><\/figure>\n\n\n\n<p><strong>TRADICIONALNI USUJEV REIKI<\/strong><\/p>\n\n\n\n<p><em>\u00bbZ reiki-jem sem se spoznala leta 2009, ko sem opravila te\u010daj <strong>1. stopnje<\/strong>. Aktivno sem za\u010dela delati na sebi, saj sem si redno polagala roke po telesu. Prav tako sem za\u010dela z reiki meditacijo. Po udele\u017ebi na <strong>2. stopnji<\/strong> sem si redno delala reiki na daljavo. Rok si nisem ve\u010d polagala po telesu, saj nisem imela ve\u010d te potrebe. Bila sem vztrajna in reiki-ju posve\u010dala vsak dan. \u017delela sem si ve\u010d.<\/em> <em>V letu 2010 sem opravila <strong>3. mojstrsko stopnjo<\/strong> in za\u010delo se je moje osebno duhovno potovanje. Reiki mi je prirasel k srcu. Izvajala sem ga po ob\u010dutku in s predanostjo. Moja najve\u010dja \u017eelja je bila, da bi reiki znanje, kot tudi lastno izku\u0161njo dela z energijo, prena\u0161ala dalje, zato sem se odlo\u010dila za <strong>u\u010diteljsko stopnjo<\/strong>. Dolo\u010deno gradivo sem posodobila glede na vire iz razli\u010dnih knjig, kot tudi iz lastne izku\u0161nje. Zelo rada pou\u010dujem oz. predajam znanje reiki-ja kot <\/em><strong><em><u>na\u010din \u017eivljenja in osebne duhovne rasti.<\/u><\/em><\/strong><em>  Zavedam, da je potrebna globlja sprememba v osebi, zato spodbujam <strong>Reiki te\u010daje<\/strong> <strong>v smeri osebne rasti in energijskega dela na sebi.<\/strong> <\/em> <em>S prakso in rednim delom na sebi sem za\u010dela zaznavati razli\u010dne frekvence energij, zato so me za\u010dele zanimati tudi <strong>reiki nadgradnje<\/strong> in z vsako nadgradnjo sem \u010dutila razli\u010dne vibracije in do\u017eivljala lastne procese preobrazbe. Pri\u0161la sem do to\u010dke, ko je reiki skozme tekel samodejno in od leta 2012 nisem ve\u010d uporabljala simbolov (samo pri iniciacijah oseb). Povezujem se s kozmi\u010dno univerzalno energijo in jo za\u010dutim kako te\u010de skozi mene. V\u010dasih se mi roke samodejno aktivirajo  in za\u010dutim pretok energije, ki gre kamor je potrebno da gre, brez mojega usmerjanja. Prav tako se povezujem z energijo zemlje in njenimi elementi ter z drugimi energijskimi to\u010dkami in kraji, ko tako za\u010dutim.<\/em> <em>Zame velik razvoj je, da sem postala bolj senzibilna na ob\u010dutenje razli\u010dnih vibracij energij.\u00ab<\/em><\/p>\n\n\n\n<p><strong>KAJ JE REIKI?<\/strong><\/p>\n\n\n\n<p><strong>Reiki je univerzalna energija, energija svetlobe in brezpogojne ljubezni.<\/strong> Energija z vi\u0161jo vibracijo, ki lahko vpliva na ni\u017eje energije (telo, \u010dustva, um) tako, da spodbuja proces rasti in proces samozdravljenja \u2013 v kolikor smo pripravljeni in \u017eeljni spremembe. REIKI je ezoteri\u010dna metoda za osebno rast in duhovni razvoj. Vsebuje starodavno \u010dlove\u0161ko izku\u0161njo in znanje o pretoku \u017eivljenjske energije. Skozi na\u0161e telo se pretaka \u017eivljenje, ne oziraje se na to, ali o tem razmi\u0161ljamo ali ne, ali v to verjamemo ali ne. <strong>Reiki je enostavna metoda, s katero se odpremo tej univerzalni energiji,<\/strong> ki se v razli\u010dnih kulturah skriva pod razli\u010dnimi imeni. Odpremo se kot kanal \u2013 prevodnik energije. V tej metodi uporabljamo <strong>simbole<\/strong> za la\u017eje povezovanje, namenskost in preto\u010dnost.<\/p>\n\n\n\n<p>Tisti, ki reiki redno in dlje \u010dasa izvajajo in ga nadgrajujejo tako kot sem ga skozi leta jaz, pridejo do to\u010dke spoznanja, ko simbolov ne potrebujejo ve\u010d. Reiki na\u010dela \u017eivimo in smo reiki povsem integrirali v vsakdanje \u017eivljenje. Ampak POZOR \u2013 reiki ni \u010darobna pal\u010dka, ki namesto vas deluje in ukrepa. \u0160e vedno ste vi tisti, ki se odlo\u010dite za spremembo, ki ukrepate, ki se aktivirate \u2013 reiki vam lahko samo pomaga in vam osvetli pot, vas spodbuja v procesu duhovne rasti in samozdravljenja. Na vas pa je ali se \u0161e boste naprej utapljali v prepri\u010danju nemo\u010di ali pa boste pogumno naredili korak naprej, k va\u0161emu \u017eivljenjskemu poslanstvu, sr\u010dnim \u017eeljam in kreativnemu ustvarjanju.<br>REIKI izvajalec, u\u010ditelj ali mojster, sebe in svojega u\u010denca \u201c nikoli \u201c ne bo imenoval za &#8220;zdravitelja&#8221;, temve\u010d za reikiista, ker je samo kanal energije.<\/p>\n\n\n\n<p><strong>Nih\u010de od reikiistov&nbsp; ne more s svojo \u201c VOLJO \u201c vplivati na zdravje drugega. ZATO KER<\/strong> o ozdravitvi ne odlo\u010damo mi kot oseba (reikiist), ampak zakon univerzalne energije oz. karmi\u010dni zakon vzroka in posledice. Ljudje so sami sebi lahko najve\u010dji zdravitelji ali pa povzro\u010ditelji bolezni. Zavedati se moramo svobodne volje in lastne odgovornosti, da vsak sam ustvarja svojo resni\u010dnost v okvirju lastne karme. Pravijo, da vsakdo ima pravico do trpljenja, kot tudi do sre\u010de!<\/p>\n\n\n\n<p><strong>Reiki nikoli nikomur ne &nbsp;\u0161kodi. Tisti, ki izvaja reiki, ni izvor energije, je le njen prevodnik.<\/strong><\/p>\n\n\n\n<p>Reiki lahko aktivira\u0161 z iniciacijo Reiki mojstra ali pa se to pri nekaterih ljudeh zgodi spontano. Mojster deluje kot kanal, ki ima mo\u017enost ve\u010djega pretoka vsote energije. Ta energija \u010disti tvoje energetske kanale in jih naredi bolj prepustne. Potem si zmo\u017een ve\u010djega pretoka energije, tvoje roke postanejo tople, ko jih polaga\u0161 in ko daje\u0161 sebi ali drugim Reiki.<\/p>\n\n\n\n<p><em>Reiki je zagotovo ena izmed metod, ki nam lahko pomaga spremeniti \u017eivljenje in na\u0161 pogled na \u017eivljenje. In za te spremembe je zmeraj pravi \u010das.<\/em><em><\/em><\/p>\n\n\n\n<p><strong><em>Ko je u\u010denec pripravljen se pojavi u\u010ditelj<\/em><\/strong><em>. <strong>Vsak si sam izbere svojega mojstra, da ga uvede v reiki. In \u010de za\u010dutite klic vabljeni na te\u010daj in za\u010dnete svojo pot osebne in duhovne rasti. =)<\/strong><\/em><\/p>\n\n\n\n<p><strong>TE\u010cAJ USUI TRADICIONALNEGA REIKI-JA<\/strong><\/p>\n\n\n\n<p>Na te\u010daju tradicionalnega Usui Reiki-ja boste prejeli znanje in iniciacijo v to starodavno tehniko. Te\u010daj je zasnovan tako, da vas uvede v prakso, omogo\u010da osebno rast in kanaliziranje energije. Tradicionalni Usui Reiki ima 3 stopnje + u\u010diteljska stopnja (kdor se za to odlo\u010di). Te\u010daj tradicionalnega Usui Reiki-ja je namenjen vsem, ki si \u017eelijo spoznati energijsko tehniko, delati na sebi in izbolj\u0161ati svoje splo\u0161no po\u010dutje. Primeren je za tiste, ki i\u0161\u010dejo bolj naraven pristop k zdravju, kot tudi za vse, ki \u017eelijo podpreti druge z univerzalno Reiki energijo.<\/p>\n\n\n\n<p class=\"has-text-align-center\"><em><strong>Reiki vam lahko pomaga dose\u010di notranje ravnovesje, zmanj\u0161ati stres in izbolj\u0161ati kakovost va\u0161ega \u017eivljenja. Bodite del te starodavne modrosti in odklenite svoj potencial za preto\u010dnost energije. S vsakodnevno prakso Reiki postane del na\u0161ega \u017eivljenja.<\/strong><\/em><a href=\"\/Users\/Matjaz\/Downloads\/Desktop\/spletnaMD\/dejavnost_files\/reiki.pdf\" target=\"_blank\" rel=\"noreferrer noopener\"><\/a><\/p>\n\n\n\n<p class=\"has-text-align-center\"><em>\u201cThe only thing that stands between you and your dream is the will to try and the belief that it is actually possible.\u201d<\/em> \u2013&nbsp;<strong><em>Joel Brown<\/em><\/strong><\/p>\n\n\n\n<h2 class=\"wp-block-heading\">NADGRADNJE REIKI-ja<\/h2>\n\n\n\n<p>Po prejetju <strong>reiki mojstrstva<\/strong> vas lahko posvetim (iniciiram) v razli\u010dne nadgradnje reiki-ja. Ti reiki sistemi so bistveno mo\u010dnej\u0161i in spodbujajo proces \u010di\u0161\u010denja in samozdravljenja na vi\u0161jih nivojih. Nekatere posvetitve se opravljajo na daljavo, druge ne, ob tem pa prejmete ustrezno gradivo (nekatero je v angle\u0161\u010dini) in potrdilo.<\/p>\n\n\n\n<p>Do sedaj sem opravila naslednje posvetitve, katere lahko podeljujem dalje tudi vam:<\/p>\n\n\n\n<p>&#8211; <strong>KUNDALINI REIKI<\/strong> po Ole Gabrielsenu (staro verzijo iz leta 2012 sem nadgradila leta 2020 v Millennium verzijo );<\/p>\n\n\n\n<p>&#8211; <strong>ZLATI REIKI<\/strong> po Ole Gabrielsenu (3 posvetitve) &#8211; ga lahko prejmete po kundalini reiki-ju;<\/p>\n\n\n\n<p>&#8211; <strong>REIKI ETERI\u010cNIH KRISTALOV<\/strong> po Ole Gabrielsenu&nbsp; (3&#215;3 posvetitve);<\/p>\n\n\n\n<p>&#8211; <strong>KARUNA REIKI<\/strong> (1. in 2. stopnja praktikant, 3. in 4. stopnja mojster) &#8211; prejmete dodatne simbole, katere lahko nato tudi namensko uporabljate.<\/p>\n\n\n\n<p>&#8211; <strong>AHARA REIKI<\/strong> je egib\u010danski reiki, prejmete in seznanite se s 4 simboli.<\/p>\n\n\n\n<p>Te\u010daje nudim po dogovoru. Ve\u010d INFO po e-mailu.<\/p>\n\n\n\n<p class=\"has-text-align-center\"><em><strong>&#8220;Vlagati vase je najbolj\u0161a \u017eivljenjska investicija!&#8221;<\/strong><\/em><\/p>\n","protected":false},"excerpt":{"rendered":"<p>TRADICIONALNI USUJEV REIKI \u00bbZ reiki-jem sem se spoznala leta 2009, ko sem opravila te\u010daj 1. stopnje. Aktivno sem za\u010dela delati na sebi, saj sem si redno polagala roke po telesu. Prav tako sem za\u010dela z reiki meditacijo. Po udele\u017ebi na<\/p>\n","protected":false},"author":1,"featured_media":0,"parent":0,"menu_order":0,"comment_status":"closed","ping_status":"closed","template":"","meta":{"footnotes":""},"class_list":["post-667","page","type-page","status-publish","hentry"],"_links":{"self":[{"href":"https:\/\/www.mavricno-drustvo.si\/index.php\/wp-json\/wp\/v2\/pages\/667","targetHints":{"allow":["GET"]}}],"collection":[{"href":"https:\/\/www.mavricno-drustvo.si\/index.php\/wp-json\/wp\/v2\/pages"}],"about":[{"href":"https:\/\/www.mavricno-drustvo.si\/index.php\/wp-json\/wp\/v2\/types\/page"}],"author":[{"embeddable":true,"href":"https:\/\/www.mavricno-drustvo.si\/index.php\/wp-json\/wp\/v2\/users\/1"}],"replies":[{"embeddable":true,"href":"https:\/\/www.mavricno-drustvo.si\/index.php\/wp-json\/wp\/v2\/comments?post=667"}],"version-history":[{"count":6,"href":"https:\/\/www.mavricno-drustvo.si\/index.php\/wp-json\/wp\/v2\/pages\/667\/revisions"}],"predecessor-version":[{"id":791,"href":"https:\/\/www.mavricno-drustvo.si\/index.php\/wp-json\/wp\/v2\/pages\/667\/revisions\/791"}],"wp:attachment":[{"href":"https:\/\/www.mavricno-drustvo.si\/index.php\/wp-json\/wp\/v2\/media?parent=667"}],"curies":[{"name":"wp","href":"https:\/\/api.w.org\/{rel}","templated":true}]}}